{"id":236,"date":"2014-09-30T22:44:05","date_gmt":"2014-09-30T22:44:05","guid":{"rendered":"http:\/\/blogoxy.pge.gob.ec\/?page_id=236"},"modified":"2015-02-26T21:14:20","modified_gmt":"2015-02-26T21:14:20","slug":"medidas-provisionales","status":"publish","type":"page","link":"https:\/\/blogoxy.pge.gob.ec\/?page_id=236","title":{"rendered":"Medidas Provisionales"},"content":{"rendered":"<p>[et_pb_section fullwidth=\u00bbon\u00bb specialty=\u00bboff\u00bb background_image=\u00bbhttp:\/\/blogoxy.pge.gob.ec\/wp-content\/uploads\/2014\/09\/top-medidas-provisionales.jpg\u00bb transparent_background=\u00bboff\u00bb background_color=\u00bb#ffffff\u00bb inner_shadow=\u00bboff\u00bb parallax=\u00bboff\u00bb parallax_method=\u00bboff\u00bb module_id=\u00bbantecedentes-historicos\u00bb module_class=\u00bbantecedentes-historicos\u00bb][et_pb_fullwidth_header admin_label=\u00bbFullwidth Header\u00bb background_layout=\u00bblight\u00bb text_orientation=\u00bbleft\u00bb \/][et_pb_fullwidth_header admin_label=\u00bbFullwidth Header\u00bb background_layout=\u00bblight\u00bb text_orientation=\u00bbleft\u00bb \/][\/et_pb_section][et_pb_section fullwidth=\u00bboff\u00bb specialty=\u00bbon\u00bb background_image=\u00bbhttp:\/\/blogoxy.pge.gob.ec\/wp-content\/uploads\/2014\/09\/bgmarmol.jpg\u00bb transparent_background=\u00bboff\u00bb background_color=\u00bb#ffffff\u00bb inner_shadow=\u00bboff\u00bb parallax=\u00bboff\u00bb parallax_method=\u00bboff\u00bb][et_pb_column type=\u00bb3_4&#8243; specialty_columns=\u00bb3&#8243;][et_pb_row_inner][et_pb_column_inner type=\u00bb4_4&#8243;][et_pb_text admin_label=\u00bbText\u00bb background_layout=\u00bblight\u00bb text_orientation=\u00bbleft\u00bb]<\/p>\n<h2 style=\"text-align: left;\"><strong>FASE DE MEDIDAS PROVISIONALES<\/strong><\/h2>\n<h6 style=\"text-align: left;\">(18 de octubre de 2006 &#8211; 17 de agosto de 2007)<\/h6>\n<p style=\"text-align: justify;\">El 18 de octubre de 2006, OXY solicit\u00f3 al Tribunal Arbitral que emitiera las siguientes medidas provisionales a su favor:<\/p>\n<ul>\n<li style=\"text-align: justify;\">Mantener el nivel de inversiones en el Bloque 15;<\/li>\n<li style=\"text-align: justify;\">Permitir que OXY y Ecuador supervisen de manera conjunta las operaciones en el Bloque 15;<\/li>\n<li style=\"text-align: justify;\">Presentar a OXY un reporte mensual de operaciones del Bloque 15;<\/li>\n<li style=\"text-align: justify;\">Abstenerse de celebrar cualquier acuerdo con terceros respecto de las operaciones en el Bloque 15; y,<\/li>\n<li style=\"text-align: justify;\">Garantizar que cualquier crudo proveniente del Bloque 15 sea transportado por la capacidad contratada por OXY en el Oleoducto de Crudos Pesados OCP (Ship-or-pay).<\/li>\n<\/ul>\n<p>&nbsp;<\/p>\n<p style=\"text-align: justify;\">OXY justific\u00f3 su pedido con los siguientes argumentos:<\/p>\n<ul>\n<li style=\"text-align: justify;\">Con la finalidad de proteger sus derechos ante el peligro inminente de que fueran da\u00f1ados de manera irreparable por las acciones que el Estado pudiera implementar en el Bloque 15;<\/li>\n<li style=\"text-align: justify;\">Para proteger su derecho contractual a realizar de forma exclusiva actividades de exploraci\u00f3n y explotaci\u00f3n en el Bloque 15;<\/li>\n<li style=\"text-align: justify;\">Para no agravar la disputa con el Estado ecuatoriano;<\/li>\n<li style=\"text-align: justify;\">Por el temor a que, sin una inversi\u00f3n m\u00ed\u00adnima, la producci\u00f3n del Bloque 15 se reduzca, lo que har\u00eda imposible recuperar los niveles de producci\u00f3n existentes a la \u00e9poca de operaci\u00f3n de la petrolera;<\/li>\n<li style=\"text-align: justify;\">Seg\u00fan OXY, Petroecuador operador del Bloque 15 para ese momento, ten\u00ed\u00ada un largo historial de inadecuada administraci\u00f3n de los campos petroleros, lo que podr\u00ed\u00ada afectar negativamente la producci\u00f3n del Bloque; y,<\/li>\n<li style=\"text-align: justify;\">Ecuador no mantuvo la producci\u00f3n del Bloque 15, es m\u00e1s, hasta ese momento (7 meses) no hab\u00ed\u00ada perforado un solo pozo;<\/li>\n<li style=\"text-align: justify;\">Petroecuador, como agente del Estado ecuatoriano, estaba obligado a cumplir con cualquier decisi\u00f3n dictada contra la Rep\u00fablica.<\/li>\n<\/ul>\n<p>&nbsp;<\/p>\n<p style=\"text-align: justify;\">Al respecto, Ecuador argument\u00f3 que las alegaciones de OXY carec\u00ed\u00adan de fundamento debido a que:<\/p>\n<ul>\n<li style=\"text-align: justify;\">Las medidas provisionales sirven para proteger los derechos ante un da\u00f1o inminente, condici\u00f3n que OXY no prob\u00f3, en tanto esa urgencia no exist\u00c3\u00ada;<\/li>\n<li style=\"text-align: justify;\">Las medidas provisionales sirven para evitar un da\u00f1o irreparable, condici\u00f3n que tampoco exist\u00ed\u00ada en este caso, en tanto cualquier da\u00f1o pod\u00ed\u00ada ser reparado mediante una compensaci\u00f3n econ\u00f3mica;<\/li>\n<li style=\"text-align: justify;\">OXY no ten\u00ed\u00ada derecho a la devoluci\u00f3n del Bloque 15 ni del Contrato pues ninguna norma le permit\u00ed\u00ada exigir su cumplimiento forzoso ni present\u00f3, durante el proceso, jurisprudencia en la cual se hubiese ordenado a un Estado soberano revertir bienes o derechos expropiados, o cumplir con un contrato resuelto;<\/li>\n<li style=\"text-align: justify;\">OXY no demostr\u00f3 c\u00f3mo las medidas provisionales evitar\u00ed\u00adan el agravamiento de la disputa con Ecuador;<\/li>\n<li style=\"text-align: justify;\">Las inversiones en el Bloque 15 estaban plenamente garantizadas con los fondos destinados a la inversi\u00f3n conforme a la ley que cre\u00f3 el Fondo Ecuatoriano de Inversi\u00f3n en los Sectores Energ\u00e9tico e Hidrocarbur\u00ed\u00adfero (FEISEH);<\/li>\n<li style=\"text-align: justify;\">La operaci\u00f3n del Bloque 15 estaba en manos de funcionarios del Estado y ex empleados de OXY con gran experiencia en la materia;<\/li>\n<li style=\"text-align: justify;\">La falta de perforaci\u00f3n de pozos era atribuible a la propia OXY que, antes de que se dictara la Caducidad, liber\u00f3 las dos \u00fanicas torres de perforaci\u00f3n disponibles.<\/li>\n<li style=\"text-align: justify;\">Si se dictan las medidas provisionales, \u00e9stas ser\u00ed\u00adan inejecutables pues Petroecuador, quien deber\u00ed\u00ada ejecutar la decisi\u00f3n, ya no era parte del caso debido a que la OXY retir\u00f3 los reclamos en su contra.<\/li>\n<\/ul>\n<p>&nbsp;<\/p>\n<p style=\"text-align: justify;\">Decisi\u00f3n del Tribunal Arbitral sobre Medidas Provisionales<\/p>\n<ul>\n<li style=\"text-align: justify;\">El Tribunal consider\u00f3 que las medidas provisionales tienen como finalidad garantizar la protecci\u00f3n de aquellos derechos cuya existencia podr\u00ed\u00ada verse comprometida en ausencia de tales medidas.<\/li>\n<li style=\"text-align: justify;\">Tras analizar el expediente, el Tribunal concluy\u00f3 que OXY no demostr\u00f3 tener un derecho al cumplimiento espec\u00ed\u00adfico del contrato y, adem\u00e1s, no prob\u00f3 c\u00f3mo las medidas provisionales podr\u00ed\u00adan evitar el agravamiento de la disputa.<\/li>\n<li style=\"text-align: justify;\">El Tribunal concluy\u00f3, por unanimidad, que no hab\u00ed\u00ada justificaci\u00f3n para dictar medidas provisionales y, en consecuencia, rechaz\u00f3 la solicitud de medidas provisionales de OXY.<\/li>\n<\/ul>\n<p>[\/et_pb_text][\/et_pb_column_inner][\/et_pb_row_inner][\/et_pb_column][et_pb_column type=\u00bb1_4&#8243;][et_pb_text admin_label=\u00bbText\u00bb background_layout=\u00bblight\u00bb text_orientation=\u00bbleft\u00bb][cmwizard menu=5\/][\/et_pb_text][et_pb_image admin_label=\u00bbbt-fases-del-caso\u00bb src=\u00bbhttp:\/\/blogoxy.pge.gob.ec\/wp-content\/uploads\/2014\/09\/bt2verde2.png\u00bb show_in_lightbox=\u00bboff\u00bb url_new_window=\u00bboff\u00bb animation=\u00bboff\u00bb sticky=\u00bboff\u00bb url=\u00bbhttp:\/\/blogoxy.pge.gob.ec\/#fases-del-caso\u00bb \/][et_pb_image admin_label=\u00bbbt-resoluciones-tribunal\u00bb src=\u00bbhttp:\/\/blogoxy.pge.gob.ec\/wp-content\/uploads\/2014\/09\/bt3verde2.png\u00bb show_in_lightbox=\u00bboff\u00bb url_new_window=\u00bboff\u00bb animation=\u00bboff\u00bb sticky=\u00bbon\u00bb url=\u00bbhttp:\/\/blogoxy.pge.gob.ec\/?page_id=317&#8243; \/][\/et_pb_column][\/et_pb_section]<\/p>\n","protected":false},"excerpt":{"rendered":"<p>FASE DE MEDIDAS PROVISIONALES (18 de octubre de 2006 &#8211; 17 de agosto de 2007) El 18 de octubre de 2006, OXY solicit\u00f3 al Tribunal Arbitral que emitiera las siguientes medidas provisionales a su favor: Mantener el nivel de inversiones en el Bloque 15; Permitir que OXY y Ecuador supervisen de manera conjunta las operaciones [&hellip;]<\/p>\n","protected":false},"author":1,"featured_media":0,"parent":0,"menu_order":0,"comment_status":"open","ping_status":"open","template":"","meta":{"_et_pb_use_builder":"on","_et_pb_old_content":"","_et_gb_content_width":""},"_links":{"self":[{"href":"https:\/\/blogoxy.pge.gob.ec\/index.php?rest_route=\/wp\/v2\/pages\/236"}],"collection":[{"href":"https:\/\/blogoxy.pge.gob.ec\/index.php?rest_route=\/wp\/v2\/pages"}],"about":[{"href":"https:\/\/blogoxy.pge.gob.ec\/index.php?rest_route=\/wp\/v2\/types\/page"}],"author":[{"embeddable":true,"href":"https:\/\/blogoxy.pge.gob.ec\/index.php?rest_route=\/wp\/v2\/users\/1"}],"replies":[{"embeddable":true,"href":"https:\/\/blogoxy.pge.gob.ec\/index.php?rest_route=%2Fwp%2Fv2%2Fcomments&post=236"}],"version-history":[{"count":19,"href":"https:\/\/blogoxy.pge.gob.ec\/index.php?rest_route=\/wp\/v2\/pages\/236\/revisions"}],"predecessor-version":[{"id":1672,"href":"https:\/\/blogoxy.pge.gob.ec\/index.php?rest_route=\/wp\/v2\/pages\/236\/revisions\/1672"}],"wp:attachment":[{"href":"https:\/\/blogoxy.pge.gob.ec\/index.php?rest_route=%2Fwp%2Fv2%2Fmedia&parent=236"}],"curies":[{"name":"wp","href":"https:\/\/api.w.org\/{rel}","templated":true}]}}