{"id":659,"date":"2014-10-27T17:35:37","date_gmt":"2014-10-27T17:35:37","guid":{"rendered":"http:\/\/blogoxy.pge.gob.ec\/?page_id=659"},"modified":"2022-04-01T18:46:09","modified_gmt":"2022-04-01T18:46:09","slug":"prensa-antecedentes-historicos","status":"publish","type":"page","link":"https:\/\/blogoxy.pge.gob.ec\/?page_id=659","title":{"rendered":"Prensa-Antecedentes-Hist\u00f3ricos"},"content":{"rendered":"<p>[et_pb_section fb_built=\u00bb1&#8243; fullwidth=\u00bbon\u00bb module_id=\u00bbantecedentes-historicos\u00bb module_class=\u00bbantecedentes-historicos\u00bb _builder_version=\u00bb3.22&#8243; background_color=\u00bb#ffffff\u00bb background_image=\u00bbhttp:\/\/blogoxy.pge.gob.ec\/wp-content\/uploads\/2014\/10\/top-prensa.jpg\u00bb transparent_background=\u00bboff\u00bb][et_pb_fullwidth_header content_max_width=\u00bbnone\u00bb admin_label=\u00bbFullwidth Header\u00bb _builder_version=\u00bb3.16&#8243; background_color=\u00bbrgba(255, 255, 255, 0)\u00bb background_layout=\u00bblight\u00bb button_one_text_size__hover_enabled=\u00bboff\u00bb button_two_text_size__hover_enabled=\u00bboff\u00bb button_one_text_color__hover_enabled=\u00bboff\u00bb button_two_text_color__hover_enabled=\u00bboff\u00bb button_one_border_width__hover_enabled=\u00bboff\u00bb button_two_border_width__hover_enabled=\u00bboff\u00bb button_one_border_color__hover_enabled=\u00bboff\u00bb button_two_border_color__hover_enabled=\u00bboff\u00bb button_one_border_radius__hover_enabled=\u00bboff\u00bb button_two_border_radius__hover_enabled=\u00bboff\u00bb button_one_letter_spacing__hover_enabled=\u00bboff\u00bb button_two_letter_spacing__hover_enabled=\u00bboff\u00bb button_one_bg_color__hover_enabled=\u00bboff\u00bb button_two_bg_color__hover_enabled=\u00bboff\u00bb][\/et_pb_fullwidth_header][et_pb_fullwidth_header content_max_width=\u00bbnone\u00bb admin_label=\u00bbFullwidth Header\u00bb _builder_version=\u00bb3.16&#8243; background_color=\u00bbrgba(255, 255, 255, 0)\u00bb background_layout=\u00bblight\u00bb button_one_text_size__hover_enabled=\u00bboff\u00bb button_two_text_size__hover_enabled=\u00bboff\u00bb button_one_text_color__hover_enabled=\u00bboff\u00bb button_two_text_color__hover_enabled=\u00bboff\u00bb button_one_border_width__hover_enabled=\u00bboff\u00bb button_two_border_width__hover_enabled=\u00bboff\u00bb button_one_border_color__hover_enabled=\u00bboff\u00bb button_two_border_color__hover_enabled=\u00bboff\u00bb button_one_border_radius__hover_enabled=\u00bboff\u00bb button_two_border_radius__hover_enabled=\u00bboff\u00bb button_one_letter_spacing__hover_enabled=\u00bboff\u00bb button_two_letter_spacing__hover_enabled=\u00bboff\u00bb button_one_bg_color__hover_enabled=\u00bboff\u00bb button_two_bg_color__hover_enabled=\u00bboff\u00bb][\/et_pb_fullwidth_header][\/et_pb_section][et_pb_section fb_built=\u00bb1&#8243; specialty=\u00bbon\u00bb _builder_version=\u00bb3.22&#8243; background_color=\u00bb#ffffff\u00bb background_image=\u00bbhttp:\/\/blogoxy.pge.gob.ec\/wp-content\/uploads\/2014\/09\/bgmarmol.jpg\u00bb transparent_background=\u00bboff\u00bb][et_pb_column type=\u00bb3_4&#8243; specialty_columns=\u00bb3&#8243; _builder_version=\u00bb3.25&#8243; custom_padding=\u00bb|||\u00bb custom_padding__hover=\u00bb|||\u00bb][et_pb_row_inner _builder_version=\u00bb3.25&#8243;][et_pb_column_inner _builder_version=\u00bb3.25&#8243; custom_padding=\u00bb|||\u00bb custom_padding__hover=\u00bb|||\u00bb][et_pb_text admin_label=\u00bbText\u00bb _builder_version=\u00bb3.27.4&#8243; background_size=\u00bbinitial\u00bb background_position=\u00bbtop_left\u00bb background_repeat=\u00bbrepeat\u00bb]<\/p>\n<h2 style=\"text-align: left;\"><strong>ANTECEDENTES HIST\u00d3RICOS &#8211; PRENSA<\/strong><\/h2>\n<p>[\/et_pb_text][et_pb_text admin_label=\u00bbText\u00bb _builder_version=\u00bb4.7.4&#8243; background_size=\u00bbinitial\u00bb background_position=\u00bbtop_left\u00bb background_repeat=\u00bbrepeat\u00bb hover_enabled=\u00bb0&#8243; sticky_enabled=\u00bb0&#8243;]<\/p>\n<table>\n<tbody>\n<tr>\n<td><div id=\"attachment_671\" style=\"width: 160px\" class=\"wp-caption aligncenter\"><a href=\"http:\/\/blogoxy.pge.gob.ec\/wp-content\/uploads\/2014\/10\/4-2006-05-16-La-Hora.jpg\"><img aria-describedby=\"caption-attachment-671\" decoding=\"async\" loading=\"lazy\" class=\"wp-image-671 size-thumbnail\" src=\"http:\/\/blogoxy.pge.gob.ec\/wp-content\/uploads\/2014\/10\/4-2006-05-16-La-Hora-150x150.jpg\" alt=\"\" width=\"150\" height=\"150\" \/><\/a><p id=\"caption-attachment-671\" class=\"wp-caption-text\">LA HORA &#8211; CRONOLOG\u00cdA DEL PLEITO ENTRE ECUADOR Y OXY<\/p><\/div><\/td>\n<td><div id=\"attachment_669\" style=\"width: 160px\" class=\"wp-caption aligncenter\"><a href=\"http:\/\/blogoxy.pge.gob.ec\/wp-content\/uploads\/2014\/10\/2-2006-05-15-La-Hora.jpg\"><img aria-describedby=\"caption-attachment-669\" decoding=\"async\" loading=\"lazy\" class=\"wp-image-669 size-thumbnail\" src=\"http:\/\/blogoxy.pge.gob.ec\/wp-content\/uploads\/2014\/10\/2-2006-05-15-La-Hora-150x150.jpg\" alt=\"\" width=\"150\" height=\"150\" \/><\/a><p id=\"caption-attachment-669\" class=\"wp-caption-text\">LA HORA &#8211; GOBIERNO ANUNCIA CADUCIDAD DEL CONTRATO CON OXY<\/p><\/div><\/td>\n<td><div id=\"attachment_670\" style=\"width: 160px\" class=\"wp-caption aligncenter\"><a href=\"http:\/\/blogoxy.pge.gob.ec\/wp-content\/uploads\/2014\/10\/3-2006-05-16-Ecuadorinmediato.jpg\"><img aria-describedby=\"caption-attachment-670\" decoding=\"async\" loading=\"lazy\" class=\"wp-image-670 size-thumbnail\" src=\"http:\/\/blogoxy.pge.gob.ec\/wp-content\/uploads\/2014\/10\/3-2006-05-16-Ecuadorinmediato-150x150.jpg\" alt=\"\" width=\"150\" height=\"150\" \/><\/a><p id=\"caption-attachment-670\" class=\"wp-caption-text\">ECUADORINMEDIATO.COM &#8211; GOBIERNO ANUNCIA CADUCIDAD DEL CONTRATO CON OXY<\/p><\/div><\/td>\n<\/tr>\n<tr>\n<td><div id=\"attachment_672\" style=\"width: 160px\" class=\"wp-caption aligncenter\"><a href=\"http:\/\/blogoxy.pge.gob.ec\/wp-content\/uploads\/2014\/10\/5-2006-05-16-Llacta.jpg\"><img aria-describedby=\"caption-attachment-672\" decoding=\"async\" loading=\"lazy\" class=\"wp-image-672 size-thumbnail\" src=\"http:\/\/blogoxy.pge.gob.ec\/wp-content\/uploads\/2014\/10\/5-2006-05-16-Llacta-150x150.jpg\" alt=\"\" width=\"150\" height=\"150\" \/><\/a><p id=\"caption-attachment-672\" class=\"wp-caption-text\">LLACTA &#8211; UN CURR\u00cdCULO OSCURO<\/p><\/div><\/td>\n<td><div id=\"attachment_668\" style=\"width: 160px\" class=\"wp-caption aligncenter\"><a href=\"http:\/\/blogoxy.pge.gob.ec\/wp-content\/uploads\/2014\/10\/1-2006-05-15-El-Universo.jpg\"><img aria-describedby=\"caption-attachment-668\" decoding=\"async\" loading=\"lazy\" class=\"wp-image-668 size-thumbnail\" src=\"http:\/\/blogoxy.pge.gob.ec\/wp-content\/uploads\/2014\/10\/1-2006-05-15-El-Universo-150x150.jpg\" alt=\"\" width=\"150\" height=\"150\" \/><\/a><p id=\"caption-attachment-668\" class=\"wp-caption-text\">EL UNIVERSO &#8211; GOBIERNO ANUNCIA CADUCIDAD DEL CONTRATO CON LA OXY<\/p><\/div><\/td>\n<td><div id=\"attachment_673\" style=\"width: 160px\" class=\"wp-caption aligncenter\"><a href=\"http:\/\/blogoxy.pge.gob.ec\/wp-content\/uploads\/2014\/10\/6-2006-05-18-La-Hora.jpg\"><img aria-describedby=\"caption-attachment-673\" decoding=\"async\" loading=\"lazy\" class=\"wp-image-673 size-thumbnail\" src=\"http:\/\/blogoxy.pge.gob.ec\/wp-content\/uploads\/2014\/10\/6-2006-05-18-La-Hora-150x150.jpg\" alt=\"\" width=\"150\" height=\"150\" \/><\/a><p id=\"caption-attachment-673\" class=\"wp-caption-text\">LA HORA &#8211; JOS\u00c9 MAR\u00cdA BORJA NO PROCEDE DEMANDA INTERNACIONAL<\/p><\/div><\/td>\n<\/tr>\n<tr>\n<td><div id=\"attachment_675\" style=\"width: 160px\" class=\"wp-caption aligncenter\"><a href=\"http:\/\/blogoxy.pge.gob.ec\/wp-content\/uploads\/2014\/10\/8-2006-05-23-Hoy.jpg\"><img aria-describedby=\"caption-attachment-675\" decoding=\"async\" loading=\"lazy\" class=\"wp-image-675 size-thumbnail\" src=\"http:\/\/blogoxy.pge.gob.ec\/wp-content\/uploads\/2014\/10\/8-2006-05-23-Hoy-150x150.jpg\" alt=\"\" width=\"150\" height=\"150\" \/><\/a><p id=\"caption-attachment-675\" class=\"wp-caption-text\">HOY.COM.EC &#8211; GIRO DE TUERCA EN LOS CAMPOS DE OCCIDENTAL<\/p><\/div><\/td>\n<td><div id=\"attachment_677\" style=\"width: 160px\" class=\"wp-caption aligncenter\"><a href=\"http:\/\/blogoxy.pge.gob.ec\/wp-content\/uploads\/2014\/10\/10-2006-05-24-Hoy.jpg\"><img aria-describedby=\"caption-attachment-677\" decoding=\"async\" loading=\"lazy\" class=\"wp-image-677 size-thumbnail\" src=\"http:\/\/blogoxy.pge.gob.ec\/wp-content\/uploads\/2014\/10\/10-2006-05-24-Hoy-150x150.jpg\" alt=\"\" width=\"150\" height=\"150\" \/><\/a><p id=\"caption-attachment-677\" class=\"wp-caption-text\">HOY.COM.EC &#8211; PROCURADOR IV\u00c1N RODR\u00cdGUEZ: EL ARBITRAJE NO CABE<\/p><\/div><\/td>\n<td><div id=\"attachment_678\" style=\"width: 160px\" class=\"wp-caption aligncenter\"><a href=\"http:\/\/blogoxy.pge.gob.ec\/wp-content\/uploads\/2014\/10\/11-2006-05-29-Hoy.jpg\"><img aria-describedby=\"caption-attachment-678\" decoding=\"async\" loading=\"lazy\" class=\"wp-image-678 size-thumbnail\" src=\"http:\/\/blogoxy.pge.gob.ec\/wp-content\/uploads\/2014\/10\/11-2006-05-29-Hoy-150x150.jpg\" alt=\"\" width=\"150\" height=\"150\" \/><\/a><p id=\"caption-attachment-678\" class=\"wp-caption-text\">HOY.COM.EC &#8211; BORJA: AL CIADI NO LE COMPETE CASO OXY<\/p><\/div><\/td>\n<\/tr>\n<tr>\n<td><div id=\"attachment_674\" style=\"width: 160px\" class=\"wp-caption aligncenter\"><a href=\"http:\/\/blogoxy.pge.gob.ec\/wp-content\/uploads\/2014\/10\/7-2006-05-19-El-Comercio.jpg\"><img aria-describedby=\"caption-attachment-674\" decoding=\"async\" loading=\"lazy\" class=\"wp-image-674 size-thumbnail\" src=\"http:\/\/blogoxy.pge.gob.ec\/wp-content\/uploads\/2014\/10\/7-2006-05-19-El-Comercio-150x150.jpg\" alt=\"\" width=\"150\" height=\"150\" \/><\/a><p id=\"caption-attachment-674\" class=\"wp-caption-text\">EL COMERICIO &#8211; OXY: ENERG\u00cdA DECLARA LA CADUCIDAD DEL CONTRATO<\/p><\/div><\/td>\n<td><div id=\"attachment_676\" style=\"width: 160px\" class=\"wp-caption aligncenter\"><a href=\"http:\/\/blogoxy.pge.gob.ec\/wp-content\/uploads\/2014\/10\/9-2006-05-23-La-Hora.jpg\"><img aria-describedby=\"caption-attachment-676\" decoding=\"async\" loading=\"lazy\" class=\"wp-image-676 size-thumbnail\" src=\"http:\/\/blogoxy.pge.gob.ec\/wp-content\/uploads\/2014\/10\/9-2006-05-23-La-Hora-150x150.jpg\" alt=\"\" width=\"150\" height=\"150\" \/><\/a><p id=\"caption-attachment-676\" class=\"wp-caption-text\">LA HORA &#8211; QUITO ASEGURA QUE NO ADMITE ARBITRAJE EN WASHINGTON POR CASO OXY<\/p><\/div><\/td>\n<td><div id=\"attachment_679\" style=\"width: 160px\" class=\"wp-caption aligncenter\"><a href=\"http:\/\/blogoxy.pge.gob.ec\/wp-content\/uploads\/2014\/10\/12-2006-05-31-La-Hora.jpg\"><img aria-describedby=\"caption-attachment-679\" decoding=\"async\" loading=\"lazy\" class=\"wp-image-679 size-thumbnail\" src=\"http:\/\/blogoxy.pge.gob.ec\/wp-content\/uploads\/2014\/10\/12-2006-05-31-La-Hora-150x150.jpg\" alt=\"\" width=\"150\" height=\"150\" \/><\/a><p id=\"caption-attachment-679\" class=\"wp-caption-text\">LA HORA &#8211; MALESTAR EN ECUADOR PORQUE PRESIDENTE DE OXY LLAM\u00d3<\/p><\/div><\/td>\n<\/tr>\n<tr>\n<td><div id=\"attachment_680\" style=\"width: 160px\" class=\"wp-caption aligncenter\"><a href=\"http:\/\/blogoxy.pge.gob.ec\/wp-content\/uploads\/2014\/10\/13-2006-06-01-Hoy.jpg\"><img aria-describedby=\"caption-attachment-680\" decoding=\"async\" loading=\"lazy\" class=\"wp-image-680 size-thumbnail\" src=\"http:\/\/blogoxy.pge.gob.ec\/wp-content\/uploads\/2014\/10\/13-2006-06-01-Hoy-150x150.jpg\" alt=\"\" width=\"150\" height=\"150\" \/><\/a><p id=\"caption-attachment-680\" class=\"wp-caption-text\">HOY.COM.EC &#8211; LA CLEPTOCRACIA ES DE OXY QUE PERFOR\u00d3 FUERA DE L\u00cdMITE<\/p><\/div><\/td>\n<td><div id=\"attachment_681\" style=\"width: 160px\" class=\"wp-caption aligncenter\"><a href=\"http:\/\/blogoxy.pge.gob.ec\/wp-content\/uploads\/2014\/10\/14-2006-06-02-Hoy.jpg\"><img aria-describedby=\"caption-attachment-681\" decoding=\"async\" loading=\"lazy\" class=\"wp-image-681 size-thumbnail\" src=\"http:\/\/blogoxy.pge.gob.ec\/wp-content\/uploads\/2014\/10\/14-2006-06-02-Hoy-150x150.jpg\" alt=\"\" width=\"150\" height=\"150\" \/><\/a><p id=\"caption-attachment-681\" class=\"wp-caption-text\">HOY.COM.EC &#8211; ECUADOR RECIBE RESPALDO REGIONAL POR CASO OXY<\/p><\/div><\/td>\n<td><div id=\"attachment_684\" style=\"width: 160px\" class=\"wp-caption aligncenter\"><a href=\"http:\/\/blogoxy.pge.gob.ec\/wp-content\/uploads\/2014\/10\/17-2006-10-04-Hoy.jpg\"><img aria-describedby=\"caption-attachment-684\" decoding=\"async\" loading=\"lazy\" class=\"wp-image-684 size-thumbnail\" src=\"http:\/\/blogoxy.pge.gob.ec\/wp-content\/uploads\/2014\/10\/17-2006-10-04-Hoy-150x150.jpg\" alt=\"\" width=\"150\" height=\"150\" \/><\/a><p id=\"caption-attachment-684\" class=\"wp-caption-text\">HOY.COM.EC &#8211; OXY SE CONCENTRA EN EL JUICIO CONTRA EL ESTADO<\/p><\/div><\/td>\n<\/tr>\n<tr>\n<td><div id=\"attachment_682\" style=\"width: 160px\" class=\"wp-caption aligncenter\"><a href=\"http:\/\/blogoxy.pge.gob.ec\/wp-content\/uploads\/2014\/10\/15-2006-07-29-Hoy.jpg\"><img aria-describedby=\"caption-attachment-682\" decoding=\"async\" loading=\"lazy\" class=\"wp-image-682 size-thumbnail\" src=\"http:\/\/blogoxy.pge.gob.ec\/wp-content\/uploads\/2014\/10\/15-2006-07-29-Hoy-150x150.jpg\" alt=\"\" width=\"150\" height=\"150\" \/><\/a><p id=\"caption-attachment-682\" class=\"wp-caption-text\">HOY.COM.EC &#8211; CENTRO INTERNACIONAL DE ARREGLO DE DIFERENCIAS RELATIVAS A INVERSIONES, SIN JURISDICCI\u00d3N NI COMPETENCIA<\/p><\/div><\/td>\n<td><div id=\"attachment_685\" style=\"width: 160px\" class=\"wp-caption aligncenter\"><a href=\"http:\/\/blogoxy.pge.gob.ec\/wp-content\/uploads\/2014\/10\/18-2006-10-04-Hoy.jpg\"><img aria-describedby=\"caption-attachment-685\" decoding=\"async\" loading=\"lazy\" class=\"wp-image-685 size-thumbnail\" src=\"http:\/\/blogoxy.pge.gob.ec\/wp-content\/uploads\/2014\/10\/18-2006-10-04-Hoy-150x150.jpg\" alt=\"\" width=\"150\" height=\"150\" \/><\/a><p id=\"caption-attachment-685\" class=\"wp-caption-text\">TELERAMA NOTICIAS &#8211; OXY HA PERJUDICADO A ECUADOR<\/p><\/div><\/td>\n<td><div id=\"attachment_683\" style=\"width: 160px\" class=\"wp-caption aligncenter\"><a href=\"http:\/\/blogoxy.pge.gob.ec\/wp-content\/uploads\/2014\/10\/16-2006-08-23-Hoy.jpg\"><img aria-describedby=\"caption-attachment-683\" decoding=\"async\" loading=\"lazy\" class=\"wp-image-683 size-thumbnail\" src=\"http:\/\/blogoxy.pge.gob.ec\/wp-content\/uploads\/2014\/10\/16-2006-08-23-Hoy-150x150.jpg\" alt=\"\" width=\"150\" height=\"150\" \/><\/a><p id=\"caption-attachment-683\" class=\"wp-caption-text\">HOY.COM.EC &#8211; OCCIDENTAL PIERDE OTRO ROUND<\/p><\/div><\/td>\n<\/tr>\n<tr>\n<td><div id=\"attachment_686\" style=\"width: 160px\" class=\"wp-caption aligncenter\"><a href=\"http:\/\/blogoxy.pge.gob.ec\/wp-content\/uploads\/2014\/10\/19-2006-10-05-Ecuadorinmediato.jpg\"><img aria-describedby=\"caption-attachment-686\" decoding=\"async\" loading=\"lazy\" class=\"wp-image-686 size-thumbnail\" src=\"http:\/\/blogoxy.pge.gob.ec\/wp-content\/uploads\/2014\/10\/19-2006-10-05-Ecuadorinmediato-150x150.jpg\" alt=\"\" width=\"150\" height=\"150\" \/><\/a><p id=\"caption-attachment-686\" class=\"wp-caption-text\">ECUADORINMEDIATO.COM &#8211; ECUADOR PIDE ACLARACIONES A OXY<\/p><\/div><\/td>\n<td><div id=\"attachment_687\" style=\"width: 160px\" class=\"wp-caption aligncenter\"><a href=\"http:\/\/blogoxy.pge.gob.ec\/wp-content\/uploads\/2014\/10\/20-2006-10-10-Ecuadorinmediato.jpg\"><img aria-describedby=\"caption-attachment-687\" decoding=\"async\" loading=\"lazy\" class=\"wp-image-687 size-thumbnail\" src=\"http:\/\/blogoxy.pge.gob.ec\/wp-content\/uploads\/2014\/10\/20-2006-10-10-Ecuadorinmediato-150x150.jpg\" alt=\"\" width=\"150\" height=\"150\" \/><\/a><p id=\"caption-attachment-687\" class=\"wp-caption-text\">ECUADORINMEDIATO.COM &#8211; CASO OXY: PROCURADOR INSISTE EN DESIGNAR \u00c1RBITRO Y LUEGO RECHAZAR ARBITRAJE<\/p><\/div><\/td>\n<td><div id=\"attachment_688\" style=\"width: 160px\" class=\"wp-caption aligncenter\"><a href=\"http:\/\/blogoxy.pge.gob.ec\/wp-content\/uploads\/2014\/10\/21-2006-10-10-Hoy.jpg\"><img aria-describedby=\"caption-attachment-688\" decoding=\"async\" loading=\"lazy\" class=\"wp-image-688 size-thumbnail\" src=\"http:\/\/blogoxy.pge.gob.ec\/wp-content\/uploads\/2014\/10\/21-2006-10-10-Hoy-150x150.jpg\" alt=\"\" width=\"150\" height=\"150\" \/><\/a><p id=\"caption-attachment-688\" class=\"wp-caption-text\">HOY.COM.EC &#8211; AHORA, LA PROCURADOR\u00cdA RETA A OCCIDENTAL<\/p><\/div><\/td>\n<\/tr>\n<tr>\n<td><div id=\"attachment_690\" style=\"width: 160px\" class=\"wp-caption aligncenter\"><a href=\"http:\/\/blogoxy.pge.gob.ec\/wp-content\/uploads\/2014\/10\/23-2006-12-19-Hoy.com_..jpg\"><img aria-describedby=\"caption-attachment-690\" decoding=\"async\" loading=\"lazy\" class=\"wp-image-690 size-thumbnail\" src=\"http:\/\/blogoxy.pge.gob.ec\/wp-content\/uploads\/2014\/10\/23-2006-12-19-Hoy.com_.-150x150.jpg\" alt=\"\" width=\"150\" height=\"150\" \/><\/a><p id=\"caption-attachment-690\" class=\"wp-caption-text\">HOY.COM.EC &#8211; EL PROCURADOR A\u00daN INSISTE EN EL \u00c1RBITRO PARA EL CASO OXY<\/p><\/div><\/td>\n<td><div id=\"attachment_691\" style=\"width: 160px\" class=\"wp-caption aligncenter\"><a href=\"http:\/\/blogoxy.pge.gob.ec\/wp-content\/uploads\/2014\/10\/24-2007-01-18-Hoy.jpg\"><img aria-describedby=\"caption-attachment-691\" decoding=\"async\" loading=\"lazy\" class=\"wp-image-691 size-thumbnail\" src=\"http:\/\/blogoxy.pge.gob.ec\/wp-content\/uploads\/2014\/10\/24-2007-01-18-Hoy-150x150.jpg\" alt=\"\" width=\"150\" height=\"150\" \/><\/a><p id=\"caption-attachment-691\" class=\"wp-caption-text\">HOY.COM.EC &#8211; ARBITRAJE DEL CIADI ESTAR\u00cdA EN V\u00cdAS DE CONFORMACI\u00d3N<\/p><\/div><\/td>\n<td><div id=\"attachment_689\" style=\"width: 160px\" class=\"wp-caption aligncenter\"><a href=\"http:\/\/blogoxy.pge.gob.ec\/wp-content\/uploads\/2014\/10\/22-2006-10-12-Ecuadorinmediato.jpg\"><img aria-describedby=\"caption-attachment-689\" decoding=\"async\" loading=\"lazy\" class=\"wp-image-689 size-thumbnail\" src=\"http:\/\/blogoxy.pge.gob.ec\/wp-content\/uploads\/2014\/10\/22-2006-10-12-Ecuadorinmediato-150x150.jpg\" alt=\"\" width=\"150\" height=\"150\" \/><\/a><p id=\"caption-attachment-689\" class=\"wp-caption-text\">ECUADORINMEDIATO.COM &#8211; PROCURADOR INSISTE ANTE CIADI QUE OXY RETIRE SU DEMANDA<\/p><\/div><\/td>\n<\/tr>\n<tr>\n<td><div id=\"attachment_692\" style=\"width: 160px\" class=\"wp-caption aligncenter\"><a href=\"http:\/\/blogoxy.pge.gob.ec\/wp-content\/uploads\/2014\/10\/25-2007-04-20-Eldiario.com_.ec_.jpg\"><img aria-describedby=\"caption-attachment-692\" decoding=\"async\" loading=\"lazy\" class=\"wp-image-692 size-thumbnail\" src=\"http:\/\/blogoxy.pge.gob.ec\/wp-content\/uploads\/2014\/10\/25-2007-04-20-Eldiario.com_.ec_-150x150.jpg\" alt=\"\" width=\"150\" height=\"150\" \/><\/a><p id=\"caption-attachment-692\" class=\"wp-caption-text\">ELDIARIO.COM.EC &#8211; CASO OXY: ECUADOR PREPARA DEFENSA<\/p><\/div><\/td>\n<td>\u00a0<\/td>\n<td>\u00a0<\/td>\n<\/tr>\n<\/tbody>\n<\/table>\n<p>&nbsp;<\/p>\n<p>[\/et_pb_text][\/et_pb_column_inner][\/et_pb_row_inner][\/et_pb_column][et_pb_column type=\u00bb1_4&#8243; _builder_version=\u00bb3.25&#8243; custom_padding=\u00bb|||\u00bb custom_padding__hover=\u00bb|||\u00bb][et_pb_text admin_label=\u00bbText\u00bb _builder_version=\u00bb3.27.4&#8243; background_size=\u00bbinitial\u00bb background_position=\u00bbtop_left\u00bb background_repeat=\u00bbrepeat\u00bb][cmwizard menu=10\/][\/et_pb_text][et_pb_text admin_label=\u00bbText\u00bb _builder_version=\u00bb3.27.4&#8243; background_size=\u00bbinitial\u00bb background_position=\u00bbtop_left\u00bb background_repeat=\u00bbrepeat\u00bb][cmwizard menu=11\/][\/et_pb_text][et_pb_image src=\u00bbhttp:\/\/blogoxy.pge.gob.ec\/wp-content\/uploads\/2014\/09\/bt1verde2.png\u00bb url=\u00bbhttp:\/\/blogoxy.pge.gob.ec\/?page_id=225&#8243; align_tablet=\u00bbcenter\u00bb align_last_edited=\u00bbon|desktop\u00bb admin_label=\u00bbbt-antecedentes-historicos\u00bb _builder_version=\u00bb3.23&#8243; animation=\u00bboff\u00bb sticky=\u00bboff\u00bb][\/et_pb_image][et_pb_image src=\u00bbhttp:\/\/blogoxy.pge.gob.ec\/wp-content\/uploads\/2014\/09\/bt2verde2.png\u00bb url=\u00bbhttp:\/\/blogoxy.pge.gob.ec\/#fases-del-caso\u00bb align_tablet=\u00bbcenter\u00bb align_last_edited=\u00bbon|desktop\u00bb admin_label=\u00bbbt-fases-del-caso\u00bb _builder_version=\u00bb3.23&#8243; animation=\u00bboff\u00bb sticky=\u00bboff\u00bb][\/et_pb_image][et_pb_image src=\u00bbhttp:\/\/blogoxy.pge.gob.ec\/wp-content\/uploads\/2014\/09\/bt3verde2.png\u00bb url=\u00bbhttp:\/\/blogoxy.pge.gob.ec\/?page_id=317&#8243; show_bottom_space=\u00bboff\u00bb align_tablet=\u00bbcenter\u00bb align_last_edited=\u00bbon|desktop\u00bb admin_label=\u00bbbt-resoluciones-tribunal\u00bb _builder_version=\u00bb3.23&#8243; animation=\u00bboff\u00bb sticky=\u00bbon\u00bb][\/et_pb_image][\/et_pb_column][\/et_pb_section]<\/p>\n","protected":false},"excerpt":{"rendered":"<p>ANTECEDENTES HIST\u00d3RICOS &#8211; PRENSA \u00a0 \u00a0 &nbsp; [cmwizard menu=10\/][cmwizard menu=11\/]<\/p>\n","protected":false},"author":1,"featured_media":0,"parent":0,"menu_order":0,"comment_status":"open","ping_status":"open","template":"","meta":{"_et_pb_use_builder":"on","_et_pb_old_content":"","_et_gb_content_width":""},"_links":{"self":[{"href":"https:\/\/blogoxy.pge.gob.ec\/index.php?rest_route=\/wp\/v2\/pages\/659"}],"collection":[{"href":"https:\/\/blogoxy.pge.gob.ec\/index.php?rest_route=\/wp\/v2\/pages"}],"about":[{"href":"https:\/\/blogoxy.pge.gob.ec\/index.php?rest_route=\/wp\/v2\/types\/page"}],"author":[{"embeddable":true,"href":"https:\/\/blogoxy.pge.gob.ec\/index.php?rest_route=\/wp\/v2\/users\/1"}],"replies":[{"embeddable":true,"href":"https:\/\/blogoxy.pge.gob.ec\/index.php?rest_route=%2Fwp%2Fv2%2Fcomments&post=659"}],"version-history":[{"count":7,"href":"https:\/\/blogoxy.pge.gob.ec\/index.php?rest_route=\/wp\/v2\/pages\/659\/revisions"}],"predecessor-version":[{"id":1878,"href":"https:\/\/blogoxy.pge.gob.ec\/index.php?rest_route=\/wp\/v2\/pages\/659\/revisions\/1878"}],"wp:attachment":[{"href":"https:\/\/blogoxy.pge.gob.ec\/index.php?rest_route=%2Fwp%2Fv2%2Fmedia&parent=659"}],"curies":[{"name":"wp","href":"https:\/\/api.w.org\/{rel}","templated":true}]}}